 + -4244?
-dcc6
In base 9, what is -611127824 + 2?
-611127822
In base 11, what is -214 + -256312?
-256526
In base 9, what is 530 - 12564?
-12034
In base 12, what is -15744 + -40?
-15784
In base 11, what is -7591 - -336?
-7256
In base 5, what is 10404430 - -123340?
11033320
In base 9, what is -85420282 + -2?
-85420284
In base 2, what is 10110110100001 + -100001001101?
10010101010100
In base 4, what is 221113 + -333322?
-112203
In base 6, what is 11445304 - 132?
11445132
In base 10, what is -436745157 + -1?
-436745158
In base 6, what is -2 + 12025143051?
12025143045
In base 15, what is -400e86 - -74?
-400e12
In base 6, what is -124 + -204554?
-205122
In base 4, what is -22330031211 + 103?
-22330031102
In base 5, what is 13040221 - -204?
13040430
In base 2, what is -100001110100101 + 10011100101?
-11111011000000
In base 5, what is 20 + -121103244?
-121103224
In base 3, what is 10022002012022111 + 0?
10022002012022111
In base 10, what is 65761423 - -3?
65761426
In base 6, what is -3 + -203444244?
-203444251
In base 14, what is 19165b + 3?
191660
In base 9, what is -16824774 + -1?
-16824775
In base 15, what is 1db + -158a4e?
-158863
In base 14, what is 1 - 90b443d?
-90b443c
In base 16, what is 17ce + 641?
1e0f
In base 9, what is 80017 + -46?
78861
In base 15, what is 71e2d82 - -3?
71e2d85
In base 6, what is 121332010 - 344?
121331222
In base 10, what is 36 + -440259?
-440223
In base 13, what is 1b0 + 6870?
6a50
In base 10, what is 12703 - 51802?
-39099
In base 15, what is 6c4e1bc - 3?
6c4e1b9
In base 16, what is 1e754f - -5?
1e7554
In base 3, what is 111001201 - -2200?
111011101
In base 12, what is 404 - -36b92?
37396
In base 15, what is -e0803 + -5?
-e0808
In base 10, what is -64761 + -1566?
-66327
In base 15, what is 89d - 3d7d2?
-3ce34
In base 6, what is -35044 - -140432?
101344
In base 16, what is 14c8dd + 40?
14c91d
In base 5, what is 4 - 1341432334?
-1341432330
In base 13, what is 21b6 + 2083?
4269
In base 11, what is -78147a + 14?
-781466
In base 13, what is 4aa - -32257?
32734
In base 12, what is -802 - -a6aa5?
a62a3
In base 3, what is -10 - 110202220210012?
-110202220210022
In base 3, what is 101001102 - 202112012?
-101110210
In base 5, what is -22211 - -213231?
141020
In base 8, what is 3060 - 10544?
-5464
In base 14, what is -11 + 85aa3?
85a92
In base 12, what is 0 - 761747?
-761747
In base 5, what is 24411 - -304113?
334024
In base 5, what is 103132 + -1010133?
-402001
In base 12, what is 481150 - -4?
481154
In base 12, what is -2625a4 - 2?
-2625a6
In base 9, what is 1464554 + 155?
1464720
In base 14, what is 1ca45b + 2b?
1ca488
In base 5, what is -4 - -30343241242?
30343241233
In base 8, what is -11416755023 - 5?
-11416755030
In base 3, what is 0 + 221221111222?
221221111222
In base 14, what is 2aab5 - -9c?
2ab73
In base 9, what is 3477455 + 30?
3477485
In base 3, what is 11 - -1110020221012021?
1110020221012102
In base 4, what is -1302022201 - -1212?
-1302020323
In base 2, what is 1111011011000111101 - 111100?
1111011011000000001
In base 10, what is 3 + 136801958?
136801961
In base 12, what is 217 - -11a4?
13bb
In base 16, what is 295 + -4e8e?
-4bf9
In base 9, what is 5874027 + -33?
5873884
In base 10, what is 263 - -742553?
742816
In base 15, what is -666 + -45a31?
-46197
In base 16, what is -10b - -52a7?
519c
In base 6, what is -1102202210104 + 4?
-1102202210100
In base 2, what is 101100000010010 + -10001101011100?
11010010110110
In base 9, what is 225121520 + -3?
225121516
In base 4, what is 131133211332 - 0?
131133211332
In base 12, what is -3 + 16979a0?
1697999
In base 4, what is 213330332 + 20112?
220011110
In base 16, what is -ede1c1 - -3?
-ede1be
In base 13, what is -4 + 2b53022?
2b5301b
In base 4, what is 210011322322200 - -3?
210011322322203
In base 6, what is 1000 + -454341?
-453341
In base 14, what is -1a83 - 3334?
-4db7
In base 7, what is 30 - -6414601?
6414631
In base 3, what is -1102101 + 11212202?
10110101
In base 16, what is 1a - 46662?
-46648
In base 11, what is 71a - 7a398?
-79779
In base 10, what is 10 - 38186457?
-38186447
In base 14, what is d569 - 10b6?
c493
In base 8, what is -6611273 + -5?
-6611300
In base 3, what is -2 + -201221201100100?
-201221201100102
In base 15, what is d0b91 + -4?
d0b8c
In base 11, what is -92027 - -55?
-91a82
In base 16, what is -8 + 15e2866?
15e285e
In base 3, what is 10022 - 1011200121220?
-1011200111121
In base 3, what is 22210112121 + -102?
22210112012
In base 3, what is -20112120020 + 1020?
-20112112000
In base 16, what is 144 - -29a2?
2ae6
In base 5, what is -141210133312 + -3?
-141210133320
In base 9, what is -235 - -163255?
163020
In base 9, what is 1 - -8065725?
8065726
In base 9, what is 637743 - 42?
637701
In base 3, what is -102121210022101211 + 12?
-102121210022101122
In base 6, what is -2411435105 - 30?
-2411435135
In base 4, what is 301332230021 - 322?
301332223033
In base 2, what is -1011 + -110111111001101100?
-110111111001110111
In base 7, what is 2561 + -50452?
-44561
In base 10, what is -1024953 + -12?
-1024965
In base 10, what is -10662800 + -49?
-10662849
In base 13, what is -17a5bc6 - 2b?
-17a5c24
In base 6, what is -114101 - 13343?
-131444
In base 13, what is 3 - 670630?
-67062a
In base 10, what is -9 + -28324342?
-28324351
In base 7, what is -52 - -1002500?
1002415
In base 8, what is 301 + 745714?
746215
In base 6, what is 333320 + -104?
333212
In base 6, what is 144 - -51011433?
51012021
In base 4, what is 222202303333 - 112?
222202303221
In base 14, what is -1d0 + ac7b?
aa8b
In base 15, what is -40 - -6e8c?
6e4c
In base 2, what is 100 + -1100001111010101111000001?
-1100001111010101110111101
In base 16, what is 2e - -1fd13?
1fd41
In base 2, what is -1101100100001011111000 - -1000011?
-1101100100001010110101
In base 7, what is 10353432 + 335?
10354100
In base 15, what is 428c18c - 3?
428c189
In base 13, what is 55a4403 - -2?
55a4405
In base 6, what is -10 + 21110054112?
21110054102
In base 9, what is -5 - 120167?
-120173
In base 8, what is 6 + 202522652?
202522660
In base 2, what is 10110111110101010100000000 + 1?
10110111110101010100000001
In base 7, what is -14 - -4004261?
4004244
In base 6, what is 214115500104 - 3?
214115500101
In base 9, what is 76861621 + -5?
76861615
In base 13, what is 102 + -145a9?
-144a7
In base 4, what is -1221 + 2103301133?
2103233312
In base 2, what is -101 - 1001100110100010001100?
-1001100110100010010001
In base 4, what is -111202311 + -11211?
-111220122
In base 5, what is -4 + 2040243111?
2040243102
In base 9, what is 5 + -656886315?
-656886310
In base 11, what is -196492 - -19?
-196474
In base 13, what is -5 + -6534c6c?
-6534c74
In base 16, what is -f1 - -6158?
6067
In base 5, what is 234 + -2132040?
-2131301
In base 15, what is 1e3 + 1dbee?
1dde2
In base 3, what is 10 + 2102202210221220?
2102202210222000
In base 8, what is 6 - 23444753?
-23444745
In base 3, what is 102011 + -2200021100?
-2122212012
In base 15, what is -1 - -64c08e1?
64c08e0
In base 8, what is -3036760 - 110?
-3037070
In base 5, what is -440310001321 - 2?
-440310001323
In base 11, what is 10807318 - 5?
10807313
In base 9, what is 121681544 - 3?
121681541
In base 10, what is -12 + -961744?
-961756
In base 10, what is 3566552 - 5?
3566547
In base 6, what is 2412 - 500505?
-454053
In base 10, what is 5 + -5022262?
-5022257
In base 13, what is 1728 + -479cb?
-462a3
In base 15, what is -c8da6 + -38d?
-c9244
In base 16, what is 186e - 4174?
-2906
In base 13, what is -1378 + 13a6c?
126c4
In base 11, what is -a - 633aa?
-63409
In base 14, what is 12199d3 + -2?
12199d1
In base 11, what is 593 - 4a63a?
-4a057
In base 13, what is 217a632 + 3?
217a635
In base 5, what is -14110240 - 2413?
-14113203
In base 2, what is -1 - -101001001110110110000?
101001001110110101111
In base 12, what is 14 + 12b6bb40?
12b6bb54
In base 7, what is 100032350 - 122?
100032225
In base 7, what is -12642 - 104520?
-120462
In base 4, what is -22021301220 + -21?
-22021301301
In base 6, what is 2042403043 - -5?
2042403052
In base 10, what is -1478446 + 7?
-1478439
In base 3, what is -101002121211212 + -1?
-101002121211220
In base 16, what is -1 + -db6709?
-db670a
In base 10, what is -3 + -2546082?
-2546085
In base 3, what is -1201010202 - 1100201?
-1202111110
In base 2, what is -1101011101 + 111